{"id":989,"date":"2021-05-04T07:42:44","date_gmt":"2021-05-04T07:42:44","guid":{"rendered":"https:\/\/www.acccflagship.fi\/?page_id=989"},"modified":"2021-05-05T13:36:11","modified_gmt":"2021-05-05T13:36:11","slug":"yhteistyo","status":"publish","type":"page","link":"https:\/\/www.acccflagship.fi\/index.php\/fi\/yhteistyo\/","title":{"rendered":"Yhteisty\u00f6"},"content":{"rendered":"\n<blockquote class=\"wp-block-quote is-layout-flow wp-block-quote-is-layout-flow\"><p><span class=\"has-inline-color has-neve-link-hover-color-color\">&#8220;Korkeatasoinen tutkimus auttaa ymm\u00e4rt\u00e4m\u00e4\u00e4n ilmastonmuutokseen ja ilmanlaatuun liittyvi\u00e4 haasteita, mutta ei pysty yksin tarjoamaan kattavia ratkaisuja. Siksi tuemme kumppanuuksilla tietopohjaista p\u00e4\u00e4t\u00f6ksentekoa ja ilmastoyst\u00e4v\u00e4llist\u00e4 kehityst\u00e4 eri sektoreilla.&#8221;<\/span><\/p><cite>Markku Kulmala, akateemikko, ACCC-lippulaivan johtaja. <\/cite><\/blockquote>\n\n\n\n<p><strong>ACCC:n&nbsp;tavoitteena&nbsp;on&nbsp;tuottaa&nbsp;huippututkimukseen&nbsp;perustuvia&nbsp;k\u00e4yt\u00e4nn\u00f6n&nbsp;ratkaisuja.&nbsp;\u200b<\/strong><\/p>\n\n\n\n<p>T\u00e4ll\u00e4\u00a0hetkell\u00e4\u00a0tutkimuksen\u00a0ja\u00a0vaikuttavuusohjelman\u00a0parissa\u00a0tehd\u00e4\u00e4n\u00a0yhteisty\u00f6t\u00e4\u00a0yli\u00a040\u00a0tahon\u00a0kanssa. Yhteisty\u00f6ll\u00e4\u00a0pyrit\u00e4\u00e4n\u00a0ennakoimaan\u00a0ja\u00a0todentamaan\u00a0ilmastotoimien\u00a0vaikutuksia\u00a0esimerkiksi\u00a0liike-el\u00e4m\u00e4ss\u00e4,\u00a0kest\u00e4v\u00e4ss\u00e4 sijoittamisessa\u00a0sek\u00e4\u00a0eri\u00a0sektoreiden\u00a0muutoksessa.\u00a0<\/p>\n\n\n\n<p>Yhteisty\u00f6t\u00e4&nbsp;tehd\u00e4\u00e4n&nbsp;tiiviisti&nbsp;ja&nbsp;vuorovaikutteisesti&nbsp;yritysten,&nbsp;tutkimusorganisaatioiden&nbsp;sek\u00e4&nbsp;p\u00e4\u00e4tt\u00e4jien ja&nbsp;kolmannen&nbsp;sektorin&nbsp;toimijoiden&nbsp;kanssa.&nbsp;<\/p>\n\n\n\n<p><a rel=\"noreferrer noopener\" href=\"https:\/\/www.acccflagship.fi\/index.php\/impact-projects\/\" data-type=\"URL\" data-id=\"https:\/\/www.acccflagship.fi\/index.php\/impact-projects\/\" target=\"_blank\">Lis\u00e4tietoa<\/a> ACCC:n&nbsp;vaikuttavuusohjelmasta ja sen 13 k\u00e4rjest\u00e4 englanniksi.<\/p>\n\n\n\n<p>Mik\u00e4li olet kiinnostunut yhteisty\u00f6st\u00e4&nbsp;ACCC:n&nbsp;kanssa,&nbsp;<a rel=\"noreferrer noopener\" href=\"https:\/\/www.acccflagship.fi\/index.php\/fi\/yhteystiedot\/\" target=\"_blank\">ole meihin rohkeasti&nbsp;yhteydess\u00e4<\/a>&nbsp;ja autamme mahdollisen sopivan yhteisty\u00f6muodon&nbsp;l\u00f6yt\u00e4misess\u00e4.&nbsp;<\/p>\n","protected":false},"excerpt":{"rendered":"<p>&#8220;Korkeatasoinen tutkimus auttaa ymm\u00e4rt\u00e4m\u00e4\u00e4n ilmastonmuutokseen ja ilmanlaatuun liittyvi\u00e4 haasteita, mutta ei pysty yksin tarjoamaan kattavia ratkaisuja. Siksi tuemme kumppanuuksilla tietopohjaista p\u00e4\u00e4t\u00f6ksentekoa ja ilmastoyst\u00e4v\u00e4llist\u00e4 kehityst\u00e4 eri sektoreilla.&#8221; Markku Kulmala, akateemikko, ACCC-lippulaivan johtaja. ACCC:n&nbsp;tavoitteena&nbsp;on&nbsp;tuottaa&nbsp;huippututkimukseen&nbsp;perustuvia&nbsp;k\u00e4yt\u00e4nn\u00f6n&nbsp;ratkaisuja.&nbsp;\u200b T\u00e4ll\u00e4\u00a0hetkell\u00e4\u00a0tutkimuksen\u00a0ja\u00a0vaikuttavuusohjelman\u00a0parissa\u00a0tehd\u00e4\u00e4n\u00a0yhteisty\u00f6t\u00e4\u00a0yli\u00a040\u00a0tahon\u00a0kanssa. Yhteisty\u00f6ll\u00e4\u00a0pyrit\u00e4\u00e4n\u00a0ennakoimaan\u00a0ja\u00a0todentamaan\u00a0ilmastotoimien\u00a0vaikutuksia\u00a0esimerkiksi\u00a0liike-el\u00e4m\u00e4ss\u00e4,\u00a0kest\u00e4v\u00e4ss\u00e4 sijoittamisessa\u00a0sek\u00e4\u00a0eri\u00a0sektoreiden\u00a0muutoksessa.\u00a0 Yhteisty\u00f6t\u00e4&nbsp;tehd\u00e4\u00e4n&nbsp;tiiviisti&nbsp;ja&nbsp;vuorovaikutteisesti&nbsp;yritysten,&nbsp;tutkimusorganisaatioiden&nbsp;sek\u00e4&nbsp;p\u00e4\u00e4tt\u00e4jien ja&nbsp;kolmannen&nbsp;sektorin&nbsp;toimijoiden&nbsp;kanssa.&nbsp; Lis\u00e4tietoa ACCC:n&nbsp;vaikuttavuusohjelmasta ja sen 13 k\u00e4rjest\u00e4 englanniksi. Mik\u00e4li olet kiinnostunut yhteisty\u00f6st\u00e4&nbsp;ACCC:n&nbsp;kanssa,&nbsp;ole meihin rohkeasti&nbsp;yhteydess\u00e4&nbsp;ja autamme mahdollisen sopivan yhteisty\u00f6muodon&nbsp;l\u00f6yt\u00e4misess\u00e4.&nbsp;<\/p>\n","protected":false},"author":1,"featured_media":0,"parent":0,"menu_order":0,"comment_status":"closed","ping_status":"closed","template":"","meta":{"site-sidebar-layout":"default","site-content-layout":"","ast-site-content-layout":"default","site-content-style":"default","site-sidebar-style":"default","ast-global-header-display":"","ast-banner-title-visibility":"","ast-main-header-display":"","ast-hfb-above-header-display":"","ast-hfb-below-header-display":"","ast-hfb-mobile-header-display":"","site-post-title":"","ast-breadcrumbs-content":"","ast-featured-img":"","footer-sml-layout":"","ast-disable-related-posts":"","theme-transparent-header-meta":"","adv-header-id-meta":"","stick-header-meta":"","header-above-stick-meta":"","header-main-stick-meta":"","header-below-stick-meta":"","astra-migrate-meta-layouts":"default","ast-page-background-enabled":"default","ast-page-background-meta":{"desktop":{"background-color":"var(--ast-global-color-4)","background-image":"","background-repeat":"repeat","background-position":"center center","background-size":"auto","background-attachment":"scroll","background-type":"","background-media":"","overlay-type":"","overlay-color":"","overlay-opacity":"","overlay-gradient":""},"tablet":{"background-color":"","background-image":"","background-repeat":"repeat","background-position":"center center","background-size":"auto","background-attachment":"scroll","background-type":"","background-media":"","overlay-type":"","overlay-color":"","overlay-opacity":"","overlay-gradient":""},"mobile":{"background-color":"","background-image":"","background-repeat":"repeat","background-position":"center center","background-size":"auto","background-attachment":"scroll","background-type":"","background-media":"","overlay-type":"","overlay-color":"","overlay-opacity":"","overlay-gradient":""}},"ast-content-background-meta":{"desktop":{"background-color":"var(--ast-global-color-5)","background-image":"","background-repeat":"repeat","background-position":"center center","background-size":"auto","background-attachment":"scroll","background-type":"","background-media":"","overlay-type":"","overlay-color":"","overlay-opacity":"","overlay-gradient":""},"tablet":{"background-color":"var(--ast-global-color-5)","background-image":"","background-repeat":"repeat","background-position":"center center","background-size":"auto","background-attachment":"scroll","background-type":"","background-media":"","overlay-type":"","overlay-color":"","overlay-opacity":"","overlay-gradient":""},"mobile":{"background-color":"var(--ast-global-color-5)","background-image":"","background-repeat":"repeat","background-position":"center center","background-size":"auto","background-attachment":"scroll","background-type":"","background-media":"","overlay-type":"","overlay-color":"","overlay-opacity":"","overlay-gradient":""}},"_vp_format_video_url":"","_vp_image_focal_point":[],"footnotes":""},"class_list":["post-989","page","type-page","status-publish","hentry"],"featured_image_src":null,"_links":{"self":[{"href":"https:\/\/www.acccflagship.fi\/index.php\/wp-json\/wp\/v2\/pages\/989","targetHints":{"allow":["GET"]}}],"collection":[{"href":"https:\/\/www.acccflagship.fi\/index.php\/wp-json\/wp\/v2\/pages"}],"about":[{"href":"https:\/\/www.acccflagship.fi\/index.php\/wp-json\/wp\/v2\/types\/page"}],"author":[{"embeddable":true,"href":"https:\/\/www.acccflagship.fi\/index.php\/wp-json\/wp\/v2\/users\/1"}],"replies":[{"embeddable":true,"href":"https:\/\/www.acccflagship.fi\/index.php\/wp-json\/wp\/v2\/comments?post=989"}],"version-history":[{"count":4,"href":"https:\/\/www.acccflagship.fi\/index.php\/wp-json\/wp\/v2\/pages\/989\/revisions"}],"predecessor-version":[{"id":4500,"href":"https:\/\/www.acccflagship.fi\/index.php\/wp-json\/wp\/v2\/pages\/989\/revisions\/4500"}],"wp:attachment":[{"href":"https:\/\/www.acccflagship.fi\/index.php\/wp-json\/wp\/v2\/media?parent=989"}],"curies":[{"name":"wp","href":"https:\/\/api.w.org\/{rel}","templated":true}]}}