{"id":931,"date":"2021-04-28T19:30:32","date_gmt":"2021-04-28T19:30:32","guid":{"rendered":"https:\/\/www.acccflagship.fi\/?page_id=931"},"modified":"2021-05-05T08:07:15","modified_gmt":"2021-05-05T08:07:15","slug":"media-inar","status":"publish","type":"page","link":"https:\/\/www.acccflagship.fi\/index.php\/materials\/media-inar\/","title":{"rendered":"Materials- INAR"},"content":{"rendered":"\n<figure class=\"wp-block-image size-large is-resized\"><img loading=\"lazy\" decoding=\"async\" src=\"https:\/\/www.acccflagship.fi\/wp-content\/uploads\/INAR_logo_w_text.png\" alt=\"\" class=\"wp-image-932\" width=\"305\" height=\"130\"\/><\/figure>\n\n\n\n<div class=\"wp-block-columns is-layout-flex wp-container-core-columns-is-layout-28f84493 wp-block-columns-is-layout-flex\">\n<div class=\"wp-block-column is-layout-flow wp-block-column-is-layout-flow\">\n<figure class=\"wp-block-table is-style-stripes\"><table><tbody><tr><td><strong>Video<\/strong><\/td><td><\/td><\/tr><tr><td><strong>INAR<\/strong> conducts multiscale research from molecular to global scale and focuses on climate change, air quality, biogeochemical cycles and ecosystem processes.<br><a href=\"https:\/\/www2.helsinki.fi\/en\/inar-institute-for-atmospheric-and-earth-system-research\">Website<\/a><\/td><td><\/td><\/tr><\/tbody><\/table><\/figure>\n\n\n\n<div style=\"height:100px\" aria-hidden=\"true\" class=\"wp-block-spacer\"><\/div>\n\n\n\n<figure class=\"wp-block-table is-style-stripes\"><table><tbody><tr><td><strong>Podcast<\/strong><\/td><td><\/td><td><\/td><\/tr><tr><td>Kuuntele uusi Veden kierto -podcast, joka pureutuu Helsingin yliopistossa teht\u00e4v\u00e4\u00e4n ilmakeh\u00e4tieteen tutkimukseen.<br><a href=\"https:\/\/www2.helsinki.fi\/fi\/inar-institute-for-atmospheric-and-earth-system-research\/kuuntele-veden-kierto-podcast-joka-pureutuu-helsingin-yliopistossa-tehtavaan-ilmakehatieteen-tutkimukseen.\" target=\"_blank\" rel=\"noreferrer noopener\">Podcast<\/a><\/td><td><\/td><td><\/td><\/tr><\/tbody><\/table><\/figure>\n<\/div>\n\n\n\n<div class=\"wp-block-column is-layout-flow wp-block-column-is-layout-flow\">\n<div class=\"wp-block-image\"><figure class=\"aligncenter size-large is-resized\"><a href=\"https:\/\/webcast.helsinki.fi\/unitube\/embed.html?id=a38d5af8-2998-4133-b12f-b3621d56567c\" target=\"_blank\" rel=\"noopener\"><img loading=\"lazy\" decoding=\"async\" src=\"https:\/\/www.acccflagship.fi\/wp-content\/uploads\/inar-video.png\" alt=\"\" class=\"wp-image-925\" width=\"399\" height=\"234\"\/><\/a><figcaption>INAR VIDEO<\/figcaption><\/figure><\/div>\n\n\n\n<div class=\"wp-block-image\"><figure class=\"aligncenter size-large is-resized\"><a href=\"https:\/\/www2.helsinki.fi\/fi\/inar-institute-for-atmospheric-and-earth-system-research\/kuuntele-veden-kierto-podcast-joka-pureutuu-helsingin-yliopistossa-tehtavaan-ilmakehatieteen-tutkimukseen.\"><img loading=\"lazy\" decoding=\"async\" src=\"https:\/\/i1.sndcdn.com\/artworks-ip1bVtzeBxyAewCy-Svin0Q-t500x500.jpg\" alt=\"\" width=\"270\" height=\"270\"\/><\/a><figcaption>Podcast<\/figcaption><\/figure><\/div>\n<\/div>\n<\/div>\n\n\n\n<div class=\"wp-block-columns is-layout-flex wp-container-core-columns-is-layout-28f84493 wp-block-columns-is-layout-flex\">\n<div class=\"wp-block-column is-layout-flow wp-block-column-is-layout-flow\">\n<figure class=\"wp-block-table is-style-stripes\"><table><tbody><tr><td><strong>eBOOKs<\/strong><\/td><\/tr><tr><td><a href=\"https:\/\/www2.helsinki.fi\/sites\/default\/files\/atoms\/files\/inar_ebook_2020.pdf\" target=\"_blank\" rel=\"noreferrer noopener\">INAR brochure<\/a><\/td><\/tr><tr><td><a href=\"https:\/\/www.atm.helsinki.fi\/peex\/images\/INAR_4p_PEEX_GlobalSmear_article_final.pdf\" target=\"_blank\" rel=\"noreferrer noopener\">INAR article &#8211; on PEEX and GlobalSMEAR<\/a><\/td><\/tr><tr><td><a href=\"https:\/\/www.atm.helsinki.fi\/peex\/images\/INAR_1_pg_Ad_design_wLogos.pdf\" target=\"_blank\" rel=\"noreferrer noopener\">INAR advertisment poster<\/a><\/td><\/tr><\/tbody><\/table><\/figure>\n<\/div>\n\n\n\n<div class=\"wp-block-column is-layout-flow wp-block-column-is-layout-flow\">\n<div class=\"wp-block-image\"><figure class=\"aligncenter size-large is-resized\"><a href=\"https:\/\/www.atm.helsinki.fi\/peex\/images\/INAR_1_pg_Ad_design_wLogos.pdf\"><img loading=\"lazy\" decoding=\"async\" src=\"https:\/\/www.acccflagship.fi\/wp-content\/uploads\/INAR_1_pg_Ad_design_wLogos-pdf.png\" alt=\"\" class=\"wp-image-936\" width=\"221\" height=\"312\"\/><\/a><\/figure><\/div>\n\n\n\n<p><\/p>\n<\/div>\n<\/div>\n","protected":false},"excerpt":{"rendered":"<p>Video INAR conducts multiscale research from molecular to global scale and focuses on climate change, air quality, biogeochemical cycles and ecosystem processes.Website Podcast Kuuntele uusi Veden kierto -podcast, joka pureutuu Helsingin yliopistossa teht\u00e4v\u00e4\u00e4n ilmakeh\u00e4tieteen tutkimukseen.Podcast eBOOKs INAR brochure INAR article &#8211; on PEEX and GlobalSMEAR INAR advertisment poster<\/p>\n","protected":false},"author":2,"featured_media":0,"parent":913,"menu_order":0,"comment_status":"closed","ping_status":"closed","template":"","meta":{"site-sidebar-layout":"default","site-content-layout":"","ast-site-content-layout":"default","site-content-style":"default","site-sidebar-style":"default","ast-global-header-display":"","ast-banner-title-visibility":"","ast-main-header-display":"","ast-hfb-above-header-display":"","ast-hfb-below-header-display":"","ast-hfb-mobile-header-display":"","site-post-title":"","ast-breadcrumbs-content":"","ast-featured-img":"","footer-sml-layout":"","ast-disable-related-posts":"","theme-transparent-header-meta":"","adv-header-id-meta":"","stick-header-meta":"","header-above-stick-meta":"","header-main-stick-meta":"","header-below-stick-meta":"","astra-migrate-meta-layouts":"default","ast-page-background-enabled":"default","ast-page-background-meta":{"desktop":{"background-color":"var(--ast-global-color-4)","background-image":"","background-repeat":"repeat","background-position":"center center","background-size":"auto","background-attachment":"scroll","background-type":"","background-media":"","overlay-type":"","overlay-color":"","overlay-opacity":"","overlay-gradient":""},"tablet":{"background-color":"","background-image":"","background-repeat":"repeat","background-position":"center center","background-size":"auto","background-attachment":"scroll","background-type":"","background-media":"","overlay-type":"","overlay-color":"","overlay-opacity":"","overlay-gradient":""},"mobile":{"background-color":"","background-image":"","background-repeat":"repeat","background-position":"center center","background-size":"auto","background-attachment":"scroll","background-type":"","background-media":"","overlay-type":"","overlay-color":"","overlay-opacity":"","overlay-gradient":""}},"ast-content-background-meta":{"desktop":{"background-color":"var(--ast-global-color-5)","background-image":"","background-repeat":"repeat","background-position":"center center","background-size":"auto","background-attachment":"scroll","background-type":"","background-media":"","overlay-type":"","overlay-color":"","overlay-opacity":"","overlay-gradient":""},"tablet":{"background-color":"var(--ast-global-color-5)","background-image":"","background-repeat":"repeat","background-position":"center center","background-size":"auto","background-attachment":"scroll","background-type":"","background-media":"","overlay-type":"","overlay-color":"","overlay-opacity":"","overlay-gradient":""},"mobile":{"background-color":"var(--ast-global-color-5)","background-image":"","background-repeat":"repeat","background-position":"center center","background-size":"auto","background-attachment":"scroll","background-type":"","background-media":"","overlay-type":"","overlay-color":"","overlay-opacity":"","overlay-gradient":""}},"_vp_format_video_url":"","_vp_image_focal_point":[],"footnotes":""},"class_list":["post-931","page","type-page","status-publish","hentry"],"featured_image_src":null,"_links":{"self":[{"href":"https:\/\/www.acccflagship.fi\/index.php\/wp-json\/wp\/v2\/pages\/931","targetHints":{"allow":["GET"]}}],"collection":[{"href":"https:\/\/www.acccflagship.fi\/index.php\/wp-json\/wp\/v2\/pages"}],"about":[{"href":"https:\/\/www.acccflagship.fi\/index.php\/wp-json\/wp\/v2\/types\/page"}],"author":[{"embeddable":true,"href":"https:\/\/www.acccflagship.fi\/index.php\/wp-json\/wp\/v2\/users\/2"}],"replies":[{"embeddable":true,"href":"https:\/\/www.acccflagship.fi\/index.php\/wp-json\/wp\/v2\/comments?post=931"}],"version-history":[{"count":5,"href":"https:\/\/www.acccflagship.fi\/index.php\/wp-json\/wp\/v2\/pages\/931\/revisions"}],"predecessor-version":[{"id":1036,"href":"https:\/\/www.acccflagship.fi\/index.php\/wp-json\/wp\/v2\/pages\/931\/revisions\/1036"}],"up":[{"embeddable":true,"href":"https:\/\/www.acccflagship.fi\/index.php\/wp-json\/wp\/v2\/pages\/913"}],"wp:attachment":[{"href":"https:\/\/www.acccflagship.fi\/index.php\/wp-json\/wp\/v2\/media?parent=931"}],"curies":[{"name":"wp","href":"https:\/\/api.w.org\/{rel}","templated":true}]}}