{"id":2084,"date":"2021-12-15T10:44:24","date_gmt":"2021-12-15T07:44:24","guid":{"rendered":"https:\/\/www.acccflagship.fi\/?page_id=2084"},"modified":"2021-12-15T10:48:10","modified_gmt":"2021-12-15T07:48:10","slug":"publications-in-finnish","status":"publish","type":"page","link":"https:\/\/www.acccflagship.fi\/index.php\/publications-in-finnish\/","title":{"rendered":"Publications in Finnish"},"content":{"rendered":"\n<h3 class=\"wp-block-heading\">Akatemiaprofessori Ari Laaksosen kolumnit Kalevassa 2021<\/h3>\n\n\n\n<ul class=\"wp-block-list\"><li><a href=\"https:\/\/www.kaleva.fi\/virusaltistuksen-villakoiran-ydin-on-aerosoleissa\/3413831\">Vi\u00adrus\u00adal\u00adtis\u00adtuk\u00adsen vil\u00adla\u00adkoi\u00adran ydin on ae\u00adro\u00adso\u00adleis\u00adsa \u2013 niiden k\u00e4yt\u00adt\u00e4y\u00adty\u00admi\u00adnen se\u00adlit\u00adt\u00e4\u00e4 maskien hy\u00f6dyn<\/a><\/li><li><a href=\"https:\/\/www.kaleva.fi\/ilmastotutkimuksen-lyhyt-historia-kertoo-jo-paljon\/3583007\">Il\u00admas\u00adto\u00adtut\u00adki\u00admuk\u00adsen lyhyt his\u00adto\u00adria kertoo jo paljon<\/a><\/li><li><a href=\"https:\/\/www.kaleva.fi\/alkaa-ampuko-ilmastoviestintuojaa-kerromme-etta-il\/3770188\">\u00c4lk\u00e4\u00e4 ampuko il\u00admas\u00adto\u00advies\u00adtin\u00adtuo\u00adjaa \u2013 ker\u00adrom\u00adme, ett\u00e4 il\u00admas\u00adton\u00admuu\u00adtos voi\u00admis\u00adtaa hel\u00adtei\u00adt\u00e4<\/a><\/li><li><a href=\"https:\/\/www.kaleva.fi\/ilmastomallien-sielunelama-perustuu-tieteeseen\/3946373\">Il\u00admas\u00adto\u00admal\u00adlien sie\u00adlun\u00adel\u00e4\u00adm\u00e4 pe\u00adrus\u00adtuu tie\u00adtee\u00adseen<\/a><\/li><li><a href=\"https:\/\/www.kaleva.fi\/ilmastomallien-avulla-ymmarramme-ihmistoiminnan-va\/4103275\">Il\u00admas\u00adto\u00admal\u00adlien avulla ym\u00adm\u00e4r\u00adr\u00e4m\u00adme ih\u00admis\u00adtoi\u00admin\u00adnan vai\u00adku\u00adtuk\u00adsen il\u00admas\u00adtoon<\/a><\/li><\/ul>\n","protected":false},"excerpt":{"rendered":"<p>Akatemiaprofessori Ari Laaksosen kolumnit Kalevassa 2021 Vi\u00adrus\u00adal\u00adtis\u00adtuk\u00adsen vil\u00adla\u00adkoi\u00adran ydin on ae\u00adro\u00adso\u00adleis\u00adsa \u2013 niiden k\u00e4yt\u00adt\u00e4y\u00adty\u00admi\u00adnen se\u00adlit\u00adt\u00e4\u00e4 maskien hy\u00f6dyn Il\u00admas\u00adto\u00adtut\u00adki\u00admuk\u00adsen lyhyt his\u00adto\u00adria kertoo jo paljon \u00c4lk\u00e4\u00e4 ampuko il\u00admas\u00adto\u00advies\u00adtin\u00adtuo\u00adjaa \u2013 ker\u00adrom\u00adme, ett\u00e4 il\u00admas\u00adton\u00admuu\u00adtos voi\u00admis\u00adtaa hel\u00adtei\u00adt\u00e4 Il\u00admas\u00adto\u00admal\u00adlien sie\u00adlun\u00adel\u00e4\u00adm\u00e4 pe\u00adrus\u00adtuu tie\u00adtee\u00adseen Il\u00admas\u00adto\u00admal\u00adlien avulla ym\u00adm\u00e4r\u00adr\u00e4m\u00adme ih\u00admis\u00adtoi\u00admin\u00adnan vai\u00adku\u00adtuk\u00adsen il\u00admas\u00adtoon<\/p>\n","protected":false},"author":1,"featured_media":0,"parent":0,"menu_order":0,"comment_status":"closed","ping_status":"closed","template":"","meta":{"site-sidebar-layout":"default","site-content-layout":"","ast-site-content-layout":"default","site-content-style":"default","site-sidebar-style":"default","ast-global-header-display":"","ast-banner-title-visibility":"","ast-main-header-display":"","ast-hfb-above-header-display":"","ast-hfb-below-header-display":"","ast-hfb-mobile-header-display":"","site-post-title":"","ast-breadcrumbs-content":"","ast-featured-img":"","footer-sml-layout":"","ast-disable-related-posts":"","theme-transparent-header-meta":"","adv-header-id-meta":"","stick-header-meta":"","header-above-stick-meta":"","header-main-stick-meta":"","header-below-stick-meta":"","astra-migrate-meta-layouts":"default","ast-page-background-enabled":"default","ast-page-background-meta":{"desktop":{"background-color":"var(--ast-global-color-4)","background-image":"","background-repeat":"repeat","background-position":"center center","background-size":"auto","background-attachment":"scroll","background-type":"","background-media":"","overlay-type":"","overlay-color":"","overlay-opacity":"","overlay-gradient":""},"tablet":{"background-color":"","background-image":"","background-repeat":"repeat","background-position":"center center","background-size":"auto","background-attachment":"scroll","background-type":"","background-media":"","overlay-type":"","overlay-color":"","overlay-opacity":"","overlay-gradient":""},"mobile":{"background-color":"","background-image":"","background-repeat":"repeat","background-position":"center center","background-size":"auto","background-attachment":"scroll","background-type":"","background-media":"","overlay-type":"","overlay-color":"","overlay-opacity":"","overlay-gradient":""}},"ast-content-background-meta":{"desktop":{"background-color":"var(--ast-global-color-5)","background-image":"","background-repeat":"repeat","background-position":"center center","background-size":"auto","background-attachment":"scroll","background-type":"","background-media":"","overlay-type":"","overlay-color":"","overlay-opacity":"","overlay-gradient":""},"tablet":{"background-color":"var(--ast-global-color-5)","background-image":"","background-repeat":"repeat","background-position":"center center","background-size":"auto","background-attachment":"scroll","background-type":"","background-media":"","overlay-type":"","overlay-color":"","overlay-opacity":"","overlay-gradient":""},"mobile":{"background-color":"var(--ast-global-color-5)","background-image":"","background-repeat":"repeat","background-position":"center center","background-size":"auto","background-attachment":"scroll","background-type":"","background-media":"","overlay-type":"","overlay-color":"","overlay-opacity":"","overlay-gradient":""}},"_vp_format_video_url":"","_vp_image_focal_point":[],"footnotes":""},"class_list":["post-2084","page","type-page","status-publish","hentry"],"featured_image_src":null,"_links":{"self":[{"href":"https:\/\/www.acccflagship.fi\/index.php\/wp-json\/wp\/v2\/pages\/2084","targetHints":{"allow":["GET"]}}],"collection":[{"href":"https:\/\/www.acccflagship.fi\/index.php\/wp-json\/wp\/v2\/pages"}],"about":[{"href":"https:\/\/www.acccflagship.fi\/index.php\/wp-json\/wp\/v2\/types\/page"}],"author":[{"embeddable":true,"href":"https:\/\/www.acccflagship.fi\/index.php\/wp-json\/wp\/v2\/users\/1"}],"replies":[{"embeddable":true,"href":"https:\/\/www.acccflagship.fi\/index.php\/wp-json\/wp\/v2\/comments?post=2084"}],"version-history":[{"count":2,"href":"https:\/\/www.acccflagship.fi\/index.php\/wp-json\/wp\/v2\/pages\/2084\/revisions"}],"predecessor-version":[{"id":2088,"href":"https:\/\/www.acccflagship.fi\/index.php\/wp-json\/wp\/v2\/pages\/2084\/revisions\/2088"}],"wp:attachment":[{"href":"https:\/\/www.acccflagship.fi\/index.php\/wp-json\/wp\/v2\/media?parent=2084"}],"curies":[{"name":"wp","href":"https:\/\/api.w.org\/{rel}","templated":true}]}}