{"id":543,"date":"2026-02-18T10:28:56","date_gmt":"2026-02-18T08:28:56","guid":{"rendered":"https:\/\/www.acccflagship.fi\/ilmastotoimintakeskus\/?page_id=543"},"modified":"2026-02-19T09:07:55","modified_gmt":"2026-02-19T07:07:55","slug":"helmikuun-2026-tyopaja-ilmastoviestinta","status":"publish","type":"page","link":"https:\/\/www.acccflagship.fi\/ilmastotoimintakeskus\/helmikuun-2026-tyopaja-ilmastoviestinta\/","title":{"rendered":"Helmikuun 2026 ty\u00f6paja: Ilmastoviestint\u00e4"},"content":{"rendered":"\n<p>Helmikuun 2026 ty\u00f6paja j\u00e4rjestettiin Hyyti\u00e4l\u00e4n mets\u00e4asemalla torstaina 12.2. Tapahtumassa puhujina olivat tutkijatohtorit Meri Frig (Aalto-yliopisto) &amp; Visa Penttil\u00e4 (LUT-yliopisto), viestint\u00e4suunnittelija Essi Lehtinen (Tampereen kaupunki) ja viestinn\u00e4n erityisasiantuntija Laura Kammonen (Mets\u00e4hallitus Mets\u00e4talous Oy).<\/p>\n\n\n\n<p>T\u00e4lle sivulle on koottu ty\u00f6pajan esitykset sek\u00e4 pienryhm\u00e4ty\u00f6skentelyjen kooste.<\/p>\n\n\n\n<div data-wp-interactive=\"core\/file\" class=\"wp-block-file\"><object data-wp-bind--hidden=\"!state.hasPdfPreview\" hidden class=\"wp-block-file__embed\" data=\"https:\/\/www.acccflagship.fi\/ilmastotoimintakeskus\/wp-content\/uploads\/2026\/02\/PIK-tyopaja_12226_julk.pdf\" type=\"application\/pdf\" style=\"width:100%;height:600px\" aria-label=\"Tiedoston PIK-ty\u00f6paja_12226_julk upotus.\"><\/object><a id=\"wp-block-file--media-760ce2c0-b119-4e7c-afbd-d437920aa85e\" href=\"https:\/\/www.acccflagship.fi\/ilmastotoimintakeskus\/wp-content\/uploads\/2026\/02\/PIK-tyopaja_12226_julk.pdf\">PIK-ty\u00f6paja_12226_julk<\/a><a href=\"https:\/\/www.acccflagship.fi\/ilmastotoimintakeskus\/wp-content\/uploads\/2026\/02\/PIK-tyopaja_12226_julk.pdf\" class=\"wp-block-file__button wp-element-button\" download aria-describedby=\"wp-block-file--media-760ce2c0-b119-4e7c-afbd-d437920aa85e\">Lataa<\/a><\/div>\n\n\n\n<div data-wp-interactive=\"core\/file\" class=\"wp-block-file\"><object data-wp-bind--hidden=\"!state.hasPdfPreview\" hidden class=\"wp-block-file__embed\" data=\"https:\/\/www.acccflagship.fi\/ilmastotoimintakeskus\/wp-content\/uploads\/2026\/02\/vastuullisuusviestinta_Hyytiala_2026.pdf\" type=\"application\/pdf\" style=\"width:100%;height:600px\" aria-label=\"Tiedoston vastuullisuusviestint\u00e4_Hyyti\u00e4l\u00e4_2026 upotus.\"><\/object><a id=\"wp-block-file--media-43dfab15-8675-499a-8d47-de9588c1ee44\" href=\"https:\/\/www.acccflagship.fi\/ilmastotoimintakeskus\/wp-content\/uploads\/2026\/02\/vastuullisuusviestinta_Hyytiala_2026.pdf\">vastuullisuusviestint\u00e4_Hyyti\u00e4l\u00e4_2026<\/a><a href=\"https:\/\/www.acccflagship.fi\/ilmastotoimintakeskus\/wp-content\/uploads\/2026\/02\/vastuullisuusviestinta_Hyytiala_2026.pdf\" class=\"wp-block-file__button wp-element-button\" download aria-describedby=\"wp-block-file--media-43dfab15-8675-499a-8d47-de9588c1ee44\">Lataa<\/a><\/div>\n\n\n\n<div data-wp-interactive=\"core\/file\" class=\"wp-block-file\"><object data-wp-bind--hidden=\"!state.hasPdfPreview\" hidden class=\"wp-block-file__embed\" data=\"https:\/\/www.acccflagship.fi\/ilmastotoimintakeskus\/wp-content\/uploads\/2026\/02\/Pirkanmaan_Ilmastotoimintakeskus_Viestinta_120226.pdf\" type=\"application\/pdf\" style=\"width:100%;height:600px\" aria-label=\"Tiedoston Pirkanmaan_Ilmastotoimintakeskus_Viestint\u00e4_120226 upotus.\"><\/object><a id=\"wp-block-file--media-a1e404bd-f514-4f88-8566-3ea0b2d8c470\" href=\"https:\/\/www.acccflagship.fi\/ilmastotoimintakeskus\/wp-content\/uploads\/2026\/02\/Pirkanmaan_Ilmastotoimintakeskus_Viestinta_120226.pdf\">Pirkanmaan_Ilmastotoimintakeskus_Viestint\u00e4_120226<\/a><a href=\"https:\/\/www.acccflagship.fi\/ilmastotoimintakeskus\/wp-content\/uploads\/2026\/02\/Pirkanmaan_Ilmastotoimintakeskus_Viestinta_120226.pdf\" class=\"wp-block-file__button wp-element-button\" download aria-describedby=\"wp-block-file--media-a1e404bd-f514-4f88-8566-3ea0b2d8c470\">Lataa<\/a><\/div>\n\n\n\n<div data-wp-interactive=\"core\/file\" class=\"wp-block-file\"><object data-wp-bind--hidden=\"!state.hasPdfPreview\" hidden class=\"wp-block-file__embed\" data=\"https:\/\/www.acccflagship.fi\/ilmastotoimintakeskus\/wp-content\/uploads\/2026\/02\/Pirkanmaan-ilmastoimintakeskus-Hyytiala-12.2.2026-Laura-Kammonen.pdf\" type=\"application\/pdf\" style=\"width:100%;height:600px\" aria-label=\"Tiedoston Pirkanmaan ilmastoimintakeskus Hyyti\u00e4l\u00e4 12.2.2026 Laura Kammonen upotus.\"><\/object><a id=\"wp-block-file--media-301ea78f-e363-4076-b25b-a4e4fc3cba50\" href=\"https:\/\/www.acccflagship.fi\/ilmastotoimintakeskus\/wp-content\/uploads\/2026\/02\/Pirkanmaan-ilmastoimintakeskus-Hyytiala-12.2.2026-Laura-Kammonen.pdf\">Pirkanmaan ilmastoimintakeskus Hyyti\u00e4l\u00e4 12.2.2026 Laura Kammonen<\/a><a href=\"https:\/\/www.acccflagship.fi\/ilmastotoimintakeskus\/wp-content\/uploads\/2026\/02\/Pirkanmaan-ilmastoimintakeskus-Hyytiala-12.2.2026-Laura-Kammonen.pdf\" class=\"wp-block-file__button wp-element-button\" download aria-describedby=\"wp-block-file--media-301ea78f-e363-4076-b25b-a4e4fc3cba50\">Lataa<\/a><\/div>\n\n\n\n<div data-wp-interactive=\"core\/file\" class=\"wp-block-file\"><object data-wp-bind--hidden=\"!state.hasPdfPreview\" hidden class=\"wp-block-file__embed\" data=\"https:\/\/www.acccflagship.fi\/ilmastotoimintakeskus\/wp-content\/uploads\/2026\/02\/PIK-tyopaja_12226_pienryhmat_kooste.pdf\" type=\"application\/pdf\" style=\"width:100%;height:600px\" aria-label=\"Tiedoston PIK-ty\u00f6paja_12226_pienryhm\u00e4t_kooste upotus.\"><\/object><a id=\"wp-block-file--media-3b458c91-5011-4e62-8da5-ee87c7ae32cc\" href=\"https:\/\/www.acccflagship.fi\/ilmastotoimintakeskus\/wp-content\/uploads\/2026\/02\/PIK-tyopaja_12226_pienryhmat_kooste.pdf\">PIK-ty\u00f6paja_12226_pienryhm\u00e4t_kooste<\/a><a href=\"https:\/\/www.acccflagship.fi\/ilmastotoimintakeskus\/wp-content\/uploads\/2026\/02\/PIK-tyopaja_12226_pienryhmat_kooste.pdf\" class=\"wp-block-file__button wp-element-button\" download aria-describedby=\"wp-block-file--media-3b458c91-5011-4e62-8da5-ee87c7ae32cc\">Lataa<\/a><\/div>\n","protected":false},"excerpt":{"rendered":"<p>Helmikuun 2026 ty\u00f6paja j\u00e4rjestettiin Hyyti\u00e4l\u00e4n mets\u00e4asemalla torstaina 12.2. Tapahtumassa puhujina olivat tutkijatohtorit Meri Frig (Aalto-yliopisto) &amp; Visa Penttil\u00e4 (LUT-yliopisto), viestint\u00e4suunnittelija Essi Lehtinen (Tampereen kaupunki) ja viestinn\u00e4n erityisasiantuntija Laura Kammonen (Mets\u00e4hallitus Mets\u00e4talous Oy). T\u00e4lle sivulle on koottu ty\u00f6pajan esitykset sek\u00e4 pienryhm\u00e4ty\u00f6skentelyjen kooste.<\/p>\n","protected":false},"author":2,"featured_media":0,"parent":0,"menu_order":0,"comment_status":"closed","ping_status":"closed","template":"","meta":{"site-sidebar-layout":"default","site-content-layout":"","ast-site-content-layout":"default","site-content-style":"default","site-sidebar-style":"default","ast-global-header-display":"","ast-banner-title-visibility":"","ast-main-header-display":"","ast-hfb-above-header-display":"","ast-hfb-below-header-display":"","ast-hfb-mobile-header-display":"","site-post-title":"","ast-breadcrumbs-content":"","ast-featured-img":"","footer-sml-layout":"","ast-disable-related-posts":"","theme-transparent-header-meta":"","adv-header-id-meta":"","stick-header-meta":"","header-above-stick-meta":"","header-main-stick-meta":"","header-below-stick-meta":"","astra-migrate-meta-layouts":"default","ast-page-background-enabled":"default","ast-page-background-meta":{"desktop":{"background-color":"var(--ast-global-color-4)","background-image":"","background-repeat":"repeat","background-position":"center center","background-size":"auto","background-attachment":"scroll","background-type":"","background-media":"","overlay-type":"","overlay-color":"","overlay-opacity":"","overlay-gradient":""},"tablet":{"background-color":"","background-image":"","background-repeat":"repeat","background-position":"center center","background-size":"auto","background-attachment":"scroll","background-type":"","background-media":"","overlay-type":"","overlay-color":"","overlay-opacity":"","overlay-gradient":""},"mobile":{"background-color":"","background-image":"","background-repeat":"repeat","background-position":"center center","background-size":"auto","background-attachment":"scroll","background-type":"","background-media":"","overlay-type":"","overlay-color":"","overlay-opacity":"","overlay-gradient":""}},"ast-content-background-meta":{"desktop":{"background-color":"var(--ast-global-color-5)","background-image":"","background-repeat":"repeat","background-position":"center center","background-size":"auto","background-attachment":"scroll","background-type":"","background-media":"","overlay-type":"","overlay-color":"","overlay-opacity":"","overlay-gradient":""},"tablet":{"background-color":"var(--ast-global-color-5)","background-image":"","background-repeat":"repeat","background-position":"center center","background-size":"auto","background-attachment":"scroll","background-type":"","background-media":"","overlay-type":"","overlay-color":"","overlay-opacity":"","overlay-gradient":""},"mobile":{"background-color":"var(--ast-global-color-5)","background-image":"","background-repeat":"repeat","background-position":"center center","background-size":"auto","background-attachment":"scroll","background-type":"","background-media":"","overlay-type":"","overlay-color":"","overlay-opacity":"","overlay-gradient":""}},"footnotes":""},"class_list":["post-543","page","type-page","status-publish","hentry"],"_links":{"self":[{"href":"https:\/\/www.acccflagship.fi\/ilmastotoimintakeskus\/wp-json\/wp\/v2\/pages\/543","targetHints":{"allow":["GET"]}}],"collection":[{"href":"https:\/\/www.acccflagship.fi\/ilmastotoimintakeskus\/wp-json\/wp\/v2\/pages"}],"about":[{"href":"https:\/\/www.acccflagship.fi\/ilmastotoimintakeskus\/wp-json\/wp\/v2\/types\/page"}],"author":[{"embeddable":true,"href":"https:\/\/www.acccflagship.fi\/ilmastotoimintakeskus\/wp-json\/wp\/v2\/users\/2"}],"replies":[{"embeddable":true,"href":"https:\/\/www.acccflagship.fi\/ilmastotoimintakeskus\/wp-json\/wp\/v2\/comments?post=543"}],"version-history":[{"count":5,"href":"https:\/\/www.acccflagship.fi\/ilmastotoimintakeskus\/wp-json\/wp\/v2\/pages\/543\/revisions"}],"predecessor-version":[{"id":563,"href":"https:\/\/www.acccflagship.fi\/ilmastotoimintakeskus\/wp-json\/wp\/v2\/pages\/543\/revisions\/563"}],"wp:attachment":[{"href":"https:\/\/www.acccflagship.fi\/ilmastotoimintakeskus\/wp-json\/wp\/v2\/media?parent=543"}],"curies":[{"name":"wp","href":"https:\/\/api.w.org\/{rel}","templated":true}]}}

Helmikuun 2026 työpaja: Ilmastoviestintä

<p>Helmikuun 2026 työpaja järjestettiin Hyytiälän metsäasemalla torstaina 12.2. Tapahtumassa puhujina olivat tutkijatohtorit Meri Frig (Aalto-yliopisto) &amp; Visa Penttilä (LUT-yliopisto), viestintäsuunnittelija Essi Lehtinen (Tampereen kaupunki) ja viestinnän erityisasiantuntija Laura Kammonen (Metsähallitus Metsätalous Oy).</p>



<p>Tälle sivulle on koottu työpajan esitykset sekä pienryhmätyöskentelyjen kooste.</p>



<div data-wp-interactive="core/file" class="wp-block-file"><object data-wp-bind--hidden="!state.hasPdfPreview" hidden class="wp-block-file__embed" data="https://www.acccflagship.fi/ilmastotoimintakeskus/wp-content/uploads/2026/02/PIK-tyopaja_12226_julk.pdf" type="application/pdf" style="width:100%;height:600px" aria-label="Tiedoston PIK-työpaja_12226_julk upotus."></object><a id="wp-block-file--media-760ce2c0-b119-4e7c-afbd-d437920aa85e" href="https://www.acccflagship.fi/ilmastotoimintakeskus/wp-content/uploads/2026/02/PIK-tyopaja_12226_julk.pdf">PIK-työpaja_12226_julk</a><a href="https://www.acccflagship.fi/ilmastotoimintakeskus/wp-content/uploads/2026/02/PIK-tyopaja_12226_julk.pdf" class="wp-block-file__button wp-element-button" download aria-describedby="wp-block-file--media-760ce2c0-b119-4e7c-afbd-d437920aa85e">Lataa</a></div>



<div data-wp-interactive="core/file" class="wp-block-file"><object data-wp-bind--hidden="!state.hasPdfPreview" hidden class="wp-block-file__embed" data="https://www.acccflagship.fi/ilmastotoimintakeskus/wp-content/uploads/2026/02/vastuullisuusviestinta_Hyytiala_2026.pdf" type="application/pdf" style="width:100%;height:600px" aria-label="Tiedoston vastuullisuusviestintä_Hyytiälä_2026 upotus."></object><a id="wp-block-file--media-43dfab15-8675-499a-8d47-de9588c1ee44" href="https://www.acccflagship.fi/ilmastotoimintakeskus/wp-content/uploads/2026/02/vastuullisuusviestinta_Hyytiala_2026.pdf">vastuullisuusviestintä_Hyytiälä_2026</a><a href="https://www.acccflagship.fi/ilmastotoimintakeskus/wp-content/uploads/2026/02/vastuullisuusviestinta_Hyytiala_2026.pdf" class="wp-block-file__button wp-element-button" download aria-describedby="wp-block-file--media-43dfab15-8675-499a-8d47-de9588c1ee44">Lataa</a></div>



<div data-wp-interactive="core/file" class="wp-block-file"><object data-wp-bind--hidden="!state.hasPdfPreview" hidden class="wp-block-file__embed" data="https://www.acccflagship.fi/ilmastotoimintakeskus/wp-content/uploads/2026/02/Pirkanmaan_Ilmastotoimintakeskus_Viestinta_120226.pdf" type="application/pdf" style="width:100%;height:600px" aria-label="Tiedoston Pirkanmaan_Ilmastotoimintakeskus_Viestintä_120226 upotus."></object><a id="wp-block-file--media-a1e404bd-f514-4f88-8566-3ea0b2d8c470" href="https://www.acccflagship.fi/ilmastotoimintakeskus/wp-content/uploads/2026/02/Pirkanmaan_Ilmastotoimintakeskus_Viestinta_120226.pdf">Pirkanmaan_Ilmastotoimintakeskus_Viestintä_120226</a><a href="https://www.acccflagship.fi/ilmastotoimintakeskus/wp-content/uploads/2026/02/Pirkanmaan_Ilmastotoimintakeskus_Viestinta_120226.pdf" class="wp-block-file__button wp-element-button" download aria-describedby="wp-block-file--media-a1e404bd-f514-4f88-8566-3ea0b2d8c470">Lataa</a></div>



<div data-wp-interactive="core/file" class="wp-block-file"><object data-wp-bind--hidden="!state.hasPdfPreview" hidden class="wp-block-file__embed" data="https://www.acccflagship.fi/ilmastotoimintakeskus/wp-content/uploads/2026/02/Pirkanmaan-ilmastoimintakeskus-Hyytiala-12.2.2026-Laura-Kammonen.pdf" type="application/pdf" style="width:100%;height:600px" aria-label="Tiedoston Pirkanmaan ilmastoimintakeskus Hyytiälä 12.2.2026 Laura Kammonen upotus."></object><a id="wp-block-file--media-301ea78f-e363-4076-b25b-a4e4fc3cba50" href="https://www.acccflagship.fi/ilmastotoimintakeskus/wp-content/uploads/2026/02/Pirkanmaan-ilmastoimintakeskus-Hyytiala-12.2.2026-Laura-Kammonen.pdf">Pirkanmaan ilmastoimintakeskus Hyytiälä 12.2.2026 Laura Kammonen</a><a href="https://www.acccflagship.fi/ilmastotoimintakeskus/wp-content/uploads/2026/02/Pirkanmaan-ilmastoimintakeskus-Hyytiala-12.2.2026-Laura-Kammonen.pdf" class="wp-block-file__button wp-element-button" download aria-describedby="wp-block-file--media-301ea78f-e363-4076-b25b-a4e4fc3cba50">Lataa</a></div>



<div data-wp-interactive="core/file" class="wp-block-file"><object data-wp-bind--hidden="!state.hasPdfPreview" hidden class="wp-block-file__embed" data="https://www.acccflagship.fi/ilmastotoimintakeskus/wp-content/uploads/2026/02/PIK-tyopaja_12226_pienryhmat_kooste.pdf" type="application/pdf" style="width:100%;height:600px" aria-label="Tiedoston PIK-työpaja_12226_pienryhmät_kooste upotus."></object><a id="wp-block-file--media-3b458c91-5011-4e62-8da5-ee87c7ae32cc" href="https://www.acccflagship.fi/ilmastotoimintakeskus/wp-content/uploads/2026/02/PIK-tyopaja_12226_pienryhmat_kooste.pdf">PIK-työpaja_12226_pienryhmät_kooste</a><a href="https://www.acccflagship.fi/ilmastotoimintakeskus/wp-content/uploads/2026/02/PIK-tyopaja_12226_pienryhmat_kooste.pdf" class="wp-block-file__button wp-element-button" download aria-describedby="wp-block-file--media-3b458c91-5011-4e62-8da5-ee87c7ae32cc">Lataa</a></div>

<p>Helmikuun 2026 työpaja järjestettiin Hyytiälän metsäasemalla torstaina 12.2. Tapahtumassa puhujina olivat tutkijatohtorit Meri Frig (Aalto-yliopisto) &amp; Visa Penttilä (LUT-yliopisto), viestintäsuunnittelija Essi Lehtinen (Tampereen kaupunki) ja viestinnän erityisasiantuntija Laura Kammonen (Metsähallitus Metsätalous Oy). Tälle sivulle on koottu työpajan esitykset sekä pienryhmätyöskentelyjen kooste.</p>
