{"id":44,"date":"2023-11-02T09:40:29","date_gmt":"2023-11-02T07:40:29","guid":{"rendered":"https:\/\/www.acccflagship.fi\/ilmastotoimintakeskus\/?page_id=44"},"modified":"2026-04-13T10:06:49","modified_gmt":"2026-04-13T07:06:49","slug":"tulevat-tapahtumat","status":"publish","type":"page","link":"https:\/\/www.acccflagship.fi\/ilmastotoimintakeskus\/tulevat-tapahtumat\/","title":{"rendered":"Tulevat tapahtumat"},"content":{"rendered":"\n<p><strong>Pirkanmaan Ilmastotoimintakeskuksen toiminta p\u00e4\u00e4ttyy 31.7.2026<\/strong><\/p>\n\n\n\n<p>Pirkanmaan Ilmastotoimintakeskuksen toiminta nykyisess\u00e4 muodossaan p\u00e4\u00e4ttyy hein\u00e4kuun lopussa. Haluamme kiitt\u00e4\u00e4 kaikkia toiminnassa mukana olleita kuluneista kolmesta vuodesta! Pyrimme jatkamaan toimintaa jollain tavalla my\u00f6s jatkossa. T\u00e4lle sivulle p\u00e4ivitet\u00e4\u00e4n edelleen tietoja kaikille avoimista tapahtumista.<\/p>\n\n\n\n<p><strong>ACCC-verkoston vaikutusviikko Helsingiss\u00e4 14.-17.4.<\/strong><strong>2026<\/strong><\/p>\n\n\n\n<p>Ilmakeh\u00e4n ja ilmaston osaamiskeskus ACCC j\u00e4rjest\u00e4\u00e4 perinteisen vaikutusviikon Helsingin Vuosaaressa Kulttuurikeskus Sofiassa 14.-17.4. Tiistaina 14.4. ohjelmassa on Pirkanmaan Ilmastotoimintakeskuksen, ilmastoasiantuntijan erikoistumiskoulutuksen ja Climate University-verkoston yhteinen oheistapahtuma. Vaikutusviikko on kaikille avoin ja maksuton, mutta vaatii ilmoittautumisen. Tiistaina 14.4. on mahdollisuus yhteiskyytiin Vuosaareen Tampereelta, lis\u00e4tietoja voit kysy\u00e4 koordinaattori Henrilt\u00e4. Tervetuloa mukaan!<\/p>\n\n\n\n<p>Ilmoittautuminen on p\u00e4\u00e4ttynyt.<\/p>\n\n\n\n<p><strong>Hyyti\u00e4l\u00e4n mets\u00e4aseman tutkimusp\u00e4iv\u00e4t 5.-6.11.<\/strong><strong>2026<\/strong><\/p>\n\n\n\n<p>Lis\u00e4tietoja tulossa my\u00f6hemmin.<\/p>\n\n\n\n<p><\/p>\n","protected":false},"excerpt":{"rendered":"<p>Pirkanmaan Ilmastotoimintakeskuksen toiminta p\u00e4\u00e4ttyy 31.7.2026 Pirkanmaan Ilmastotoimintakeskuksen toiminta nykyisess\u00e4 muodossaan p\u00e4\u00e4ttyy hein\u00e4kuun lopussa. Haluamme kiitt\u00e4\u00e4 kaikkia toiminnassa mukana olleita kuluneista kolmesta vuodesta! Pyrimme jatkamaan toimintaa jollain tavalla my\u00f6s jatkossa. T\u00e4lle sivulle p\u00e4ivitet\u00e4\u00e4n edelleen tietoja kaikille avoimista tapahtumista. ACCC-verkoston vaikutusviikko Helsingiss\u00e4 14.-17.4.2026 Ilmakeh\u00e4n ja ilmaston osaamiskeskus ACCC j\u00e4rjest\u00e4\u00e4 perinteisen vaikutusviikon Helsingin Vuosaaressa Kulttuurikeskus Sofiassa 14.-17.4. Tiistaina [&hellip;]<\/p>\n","protected":false},"author":2,"featured_media":0,"parent":0,"menu_order":0,"comment_status":"closed","ping_status":"closed","template":"","meta":{"site-sidebar-layout":"default","site-content-layout":"","ast-site-content-layout":"default","site-content-style":"default","site-sidebar-style":"default","ast-global-header-display":"","ast-banner-title-visibility":"","ast-main-header-display":"","ast-hfb-above-header-display":"","ast-hfb-below-header-display":"","ast-hfb-mobile-header-display":"","site-post-title":"","ast-breadcrumbs-content":"","ast-featured-img":"","footer-sml-layout":"","ast-disable-related-posts":"","theme-transparent-header-meta":"","adv-header-id-meta":"","stick-header-meta":"","header-above-stick-meta":"","header-main-stick-meta":"","header-below-stick-meta":"","astra-migrate-meta-layouts":"default","ast-page-background-enabled":"default","ast-page-background-meta":{"desktop":{"background-color":"var(--ast-global-color-4)","background-image":"","background-repeat":"repeat","background-position":"center center","background-size":"auto","background-attachment":"scroll","background-type":"","background-media":"","overlay-type":"","overlay-color":"","overlay-opacity":"","overlay-gradient":""},"tablet":{"background-color":"","background-image":"","background-repeat":"repeat","background-position":"center center","background-size":"auto","background-attachment":"scroll","background-type":"","background-media":"","overlay-type":"","overlay-color":"","overlay-opacity":"","overlay-gradient":""},"mobile":{"background-color":"","background-image":"","background-repeat":"repeat","background-position":"center center","background-size":"auto","background-attachment":"scroll","background-type":"","background-media":"","overlay-type":"","overlay-color":"","overlay-opacity":"","overlay-gradient":""}},"ast-content-background-meta":{"desktop":{"background-color":"var(--ast-global-color-5)","background-image":"","background-repeat":"repeat","background-position":"center center","background-size":"auto","background-attachment":"scroll","background-type":"","background-media":"","overlay-type":"","overlay-color":"","overlay-opacity":"","overlay-gradient":""},"tablet":{"background-color":"var(--ast-global-color-5)","background-image":"","background-repeat":"repeat","background-position":"center center","background-size":"auto","background-attachment":"scroll","background-type":"","background-media":"","overlay-type":"","overlay-color":"","overlay-opacity":"","overlay-gradient":""},"mobile":{"background-color":"var(--ast-global-color-5)","background-image":"","background-repeat":"repeat","background-position":"center center","background-size":"auto","background-attachment":"scroll","background-type":"","background-media":"","overlay-type":"","overlay-color":"","overlay-opacity":"","overlay-gradient":""}},"footnotes":""},"class_list":["post-44","page","type-page","status-publish","hentry"],"_links":{"self":[{"href":"https:\/\/www.acccflagship.fi\/ilmastotoimintakeskus\/wp-json\/wp\/v2\/pages\/44","targetHints":{"allow":["GET"]}}],"collection":[{"href":"https:\/\/www.acccflagship.fi\/ilmastotoimintakeskus\/wp-json\/wp\/v2\/pages"}],"about":[{"href":"https:\/\/www.acccflagship.fi\/ilmastotoimintakeskus\/wp-json\/wp\/v2\/types\/page"}],"author":[{"embeddable":true,"href":"https:\/\/www.acccflagship.fi\/ilmastotoimintakeskus\/wp-json\/wp\/v2\/users\/2"}],"replies":[{"embeddable":true,"href":"https:\/\/www.acccflagship.fi\/ilmastotoimintakeskus\/wp-json\/wp\/v2\/comments?post=44"}],"version-history":[{"count":112,"href":"https:\/\/www.acccflagship.fi\/ilmastotoimintakeskus\/wp-json\/wp\/v2\/pages\/44\/revisions"}],"predecessor-version":[{"id":586,"href":"https:\/\/www.acccflagship.fi\/ilmastotoimintakeskus\/wp-json\/wp\/v2\/pages\/44\/revisions\/586"}],"wp:attachment":[{"href":"https:\/\/www.acccflagship.fi\/ilmastotoimintakeskus\/wp-json\/wp\/v2\/media?parent=44"}],"curies":[{"name":"wp","href":"https:\/\/api.w.org\/{rel}","templated":true}]}}